 1087
Suppose -35*v + 252 = -29*v. Suppose -3*q = q - 16. Suppose -v = q*d - 170. List the prime factors of d.
2
Let h be 2 - (-27)/(-15) - (-2028)/10. Suppose -h = -5*q + 312. List the prime factors of q.
103
List the prime factors of (4060/(-3))/((-80)/360).
2, 3, 5, 7, 29
What are the prime factors of (-5 - 29973)/(-13) + -9?
2297
Suppose 4*o = -5*y - 31, -3*y - 6*o = -3*o + 18. Let m be (-3)/y - (-650)/35. Suppose -3*t - m = -88. What are the prime factors of t?
23
Let h(g) = g - 6. Suppose 3*m + 0*m - 21 = -5*u, -u - 51 = -4*m. List the prime factors of h(m).
2, 3
Let j(m) be the second derivative of -m**4/12 - 5*m**3/3 + 15*m**2/2 - 7*m. What are the prime factors of j(-11)?
2
Let x(d) = 13*d**2 + 7*d + 7. Let r = -51 + 48. List the prime factors of x(r).
103
Suppose -4*s - 3*v - 3 = -0*v, 0 = -4*s + 2*v + 22. Suppose 0 = 3*k + 5*g - 3 - 277, -3*g - s = 0. What are the prime factors of k?
5, 19
Let g(u) = 85*u**2 + 63*u - 13. What are the prime factors of g(-6)?
17, 157
Let p be (-4)/(-6)*24/8. Suppose l + t + 2*t = 9, 0 = p*l + 4*t - 20. What are the prime factors of 3/l + (-735)/(-20)?
37
Let q = 88 - -37. Let p(j) = -j**3 + 5*j**2 + 7*j - 1. Let g be p(6). Suppose -4*t + 0*o + 90 = o, 5*o = g*t - q. List the prime factors of t.
23
Let g = -6057 + 10317. What are the prime factors of g?
2, 3, 5, 71
Suppose -5*b - 2*a = -17958, 52*a = -2*b + 47*a + 7179. What are the prime factors of b?
2, 449
Suppose -7 = -5*d + 4*r + 2, -4*r - 3 = d. Let x be (-9)/(-9) - d/(-1). Let n(k) = 14*k**2 + k - 1. List the prime factors of n(x).
3, 19
Suppose -5*a + 14 = -3*j - 43, 4*j = -2*a + 2. Let q be 7/(-5) - a/15. Let x = 26 - q. What are the prime factors of x?
2, 7
Let d(a) = 5*a**2 - 81*a + 7. List the prime factors of d(-25).
3, 191
Let g(c) = 35*c**3 + 2*c**2 - 3*c + 4. What are the prime factors of g(2)?
2, 11, 13
Suppose 4*d = 178 + 154. Suppose 3*l = d + 259. List the prime factors of l.
2, 3, 19
Let x = 13 - -7. Let d be (-10)/x - (-21)/(-2). Let f = d + 26. List the prime factors of f.
3, 5
Suppose 359 = 4*d - 2*b - 287, 0 = d + 3*b - 165. Suppose 69 + d = 7*p. What are the prime factors of -5*p/(-30)*2?
11
Suppose 8*u + 1 = -7. Let j(a) = -11*a**3 + 2*a**2 + 3*a + 2. List the prime factors of j(u).
2, 3
Suppose -2*l - f = -734, 3*l + 2*l + 4*f = 1832. What are the prime factors of l?
2, 23
Suppose -4*t + 347 = l - 6*t, t = 5*l - 1708. List the prime factors of l.
11, 31
Suppose -7*q + 15 = -2*q. Suppose q*g = -2*c + 14, -2*g = -3*g - 5*c + 22. Suppose 3*d = -g*s - 0*s + 58, 3*s = 4*d + 70. What are the prime factors of s?
2, 13
Suppose -o + 227 = -29. List the prime factors of o.
2
Suppose -115*w + 121*w - 10338 = 0. List the prime factors of w.
1723
Let j(d) = -3*d - 8. Let o be j(-2). List the prime factors of (-4)/12*(o*1 - 316).
2, 53
Let k = -3330 - -4936. What are the prime factors of k?
2, 11, 73
Suppose 5 - 32 = 3*r. Let h = r - -9. Suppose -5*s + 23 + 42 = h. List the prime factors of s.
13
Let h = 48 - 35. Suppose -43 = -5*t - h. What are the prime factors of t?
2, 3
Suppose 90*h = 91*h - 5. Let y = 187 + -54. Suppose 378 - y = h*o. List the prime factors of o.
7
Let f be (1*3)/(-4 - (-33)/6). Let a(u) = 38*u**2 - 4*u + 3. What are the prime factors of a(f)?
3, 7
Suppose -1337 = 16*h - 6825. What are the prime factors of h?
7
Let g = 10 - 9. Suppose 0 = 4*h - g - 3, -h - 203 = -4*m. What are the prime factors of m?
3, 17
Suppose g - 29 = 3*i, -1 = 2*g + 4*i - 29. Suppose 5*f = -0*f + g. Let o(t) = 6*t - 5. List the prime factors of o(f).
19
Let z(w) = -4*w**2 + 3*w**2 + 16 - 31 + 15*w. Let m be (7 - 18)/(-1*1). What are the prime factors of z(m)?
29
Let i be (1/(4/(-22)))/(5/10). Let z(x) = x**2 + 11*x + 14. List the prime factors of z(i).
2, 7
Suppose 12 = r + 1. Let d(l) = l - 1 + 5 + r - 5. List the prime factors of d(-6).
2
Suppose 3*h + 5 = -1. Let w(s) = -s**3 + 2*s + 1. Let z be w(h). Suppose 9 = -4*g + z*g. What are the prime factors of g?
3
Suppose 4*x - 6 = a + 7, 0 = 4*x + a - 11. Suppose 5*q = x*o - 16, 64 = 5*o - o + 4*q. List the prime factors of o.
2, 3
Let r be 13 + -6 + (1 - -2). Let n = -23 - -26. Let h = n + r. What are the prime factors of h?
13
Let k be (-12)/(-78) - (-440)/13. Let o = k + -30. Suppose 0*i - 5*x = -i + 40, -o*x = -5*i + 305. List the prime factors of i.
5, 13
Suppose -9*n + 25 = -4*n. Suppose -2*c + n*c = 561. List the prime factors of c.
11, 17
Suppose 0*n = 3*l + 5*n - 13, -2*l = 3*n - 10. Suppose -10 - 10 = -4*m. What are the prime factors of (-2)/(-4)*(l + m)?
2
Suppose 29*i = 39*i - 31230. What are the prime factors of i?
3, 347
Let y(a) = 95*a + 363. List the prime factors of y(23).
2, 7, 13
Suppose -17 - 34 = -3*f. Suppose 4*i - f = s, -4*s + i = 5*i - 32. Let a(c) = 3*c**2 - c + 2. What are the prime factors of a(s)?
2, 13
Let y be ((-1)/2)/((-6)/24). Let c = 49 + -64. List the prime factors of (-295)/c + y/6.
2, 5
Let r(b) = -b - 31. Let d(x) = -2*x - 32. Let m(p) = 5*d(p) - 6*r(p). What are the prime factors of m(-18)?
2, 7
Let f = 238 - -493. What are the prime factors of f?
17, 43
Let k = 9 - 0. Let f = 12 - k. Suppose -11 = -f*r + 10. List the prime factors of r.
7
Let w(o) = -o**3 - 4*o**2 - 2*o. Let n be w(-3). Let q = n - -11. What are the prime factors of q?
2
Let z(w) = 2*w - 3. Let j be z(4). Suppose 11*s + 564 = j*s. What are the prime factors of (-1)/(((-6)/s)/(-3))?
47
Let u(r) = -14*r - 1. Let p = 0 + -4. Let t(a) = 15*a + 2. Let y(w) = p*u(w) - 3*t(w). What are the prime factors of y(2)?
2, 5
Let i(w) = -w**3 - 7*w**2 - 6*w + 2. Let p be i(-6). Let n(c) = 9*c**p - 2*c + 2*c**2 - 3*c**2 - 2*c**2 + 1. List the prime factors of n(1).
5
Let b be (-3 - 0)*(-9)/9. Suppose -5*l = 2*o - 245, 97 = b*l + 2*o - 54. Let r = 66 - l. List the prime factors of r.
19
Let q = -2698 + 5574. List the prime factors of q.
2, 719
Let b(u) = -u**2 - 12. Let c be b(-9). Let j = -51 - c. List the prime factors of (-160)/(-3) + (-14)/j.
53
Let s(m) = 5*m**2 + m - 1. Suppose -4*r = 3*d + 90, 81 = -3*d - 0*d - r. Let w = 22 + d. List the prime factors of s(w).
3, 5
Let w be ((-9)/6)/(21/28). List the prime factors of -47*(8/w - 5/5).
5, 47
Let w(x) = 4*x**2 - 9*x + 2. Let m(z) = -z**3 + 11*z**2 + 4*z. Let n be m(11). Let d be 209/n + 6/(-8). What are the prime factors of w(d)?
2, 3, 5
Let f(t) = t**3 - 4*t**2 + 4*t - 2. Let z be f(2). What are the prime factors of (-151)/(-2) + -1 + (-1)/z?
3, 5
Let r(x) = -14*x**3 - 4*x**2 - 7*x - 2. List the prime factors of r(-5).
3, 11, 17
Let o be (7/(-4)*-4)/(-1). Let z = o + 72. What are the prime factors of z?
5, 13
Suppose 11*h + 2638 + 233 = 0. Let s = h + 369. List the prime factors of s.
2, 3
Suppose 0 = -3*h + 5*h - 1762. What are the prime factors of h?
881
Let n = 2 - 22. Let v = n + 51. What are the prime factors of v?
31
Suppose -2*c - 3*k + 232 + 514 = 0, -2*k = -2*c + 746. Let u = -245 + c. What are the prime factors of u?
2
Let l(z) = 3*z - 9. Let u be l(4). Suppose 12 = u*s, 3*b + 2*s - s - 4 = 0. Suppose -5*i + 120 = -b*i. What are the prime factors of i?
2, 3
List the prime factors of 5/((-6)/(-6))*(-27)/(-5).
3
Suppose 3*a - 49 = -5*p, 0 = -4*a - p + 48 - 11. Suppose -u - 2*u - a = -4*c, 0 = -4*c + 20. What are the prime factors of u?
2
Let f(m) = 5*m**2 + 75*m + 37. List the prime factors of f(-17).
3, 23
Let w(m) = -2*m + 2. Suppose 6*u + 12 = -6. List the prime factors of w(u).
2
What are the prime factors of 9891/36 - (-3)/(-4)?
2, 137
Let b = -295 - -298. Let v = 0 + 0. Suppose 5*u + 5*a - 265 = v, -u + b*a + 36 = -25. List the prime factors of u.
5, 11
Let g be (1245/(-6) - 1) + 3/2. Let n = -143 - g. List the prime factors of n.
2
Let c(x) = 3*x + 17. Let w be c(0). Suppose 5219 = -0*b + w*b. List the prime factors of b.
307
Suppose 0 = -7*z + 253 + 755. Let g = -76 + z. List the prime factors of g.
2, 17
Suppose 286 = -5*k + 1186. What are the prime factors of k?
2, 3, 5
Let u(x) = x**2 - 6*x - 34. Let g(y) = -3*y**2 + 17*y + 103. Let r(f) = 6*g(f) + 17*u(f). Let p(a) = 5*a - 25. Let k be p(5). List the prime factors of r(k).
2, 5
Suppose -220 = -0*k + 5*k. Let v be (k/(-6))/(7/(-21)). Let t = -9 - v. What are the prime factors of t?
13
Let m be (-3)/(-2) - (-14)/4. Suppose 4*g - 1 - 40 = -d, -d + 5*g + m = 0. List the prime fac